the ten thousands digit of 1861148?
6
What is the thousands digit of 1045072?
5
What is the thousands digit of 237871?
7
What is the thousands digit of 10614955?
4
What is the hundreds digit of 2872021?
0
What is the thousands digit of 247636?
7
What is the hundreds digit of 2233414?
4
What is the ten thousands digit of 4514398?
1
What is the tens digit of 723991?
9
What is the tens digit of 19800993?
9
What is the millions digit of 3943878?
3
What is the thousands digit of 123272?
3
What is the units digit of 1134389?
9
What is the ten thousands digit of 780541?
8
What is the hundreds digit of 3409299?
2
What is the units digit of 1062545?
5
What is the hundred thousands digit of 114557?
1
What is the ten thousands digit of 614290?
1
What is the hundreds digit of 168118?
1
What is the tens digit of 965309?
0
What is the ten thousands digit of 18666450?
6
What is the millions digit of 19511206?
9
What is the thousands digit of 3668761?
8
What is the tens digit of 461551?
5
What is the tens digit of 425431?
3
What is the ten millions digit of 39728935?
3
What is the thousands digit of 4395300?
5
What is the ten thousands digit of 2081594?
8
What is the thousands digit of 24572715?
2
What is the millions digit of 3828455?
3
What is the hundreds digit of 1510218?
2
What is the ten thousands digit of 9172685?
7
What is the hundred thousands digit of 1137886?
1
What is the ten thousands digit of 13924?
1
What is the hundred thousands digit of 256973?
2
What is the thousands digit of 813616?
3
What is the hundreds digit of 17000807?
8
What is the thousands digit of 395263?
5
What is the units digit of 1188966?
6
What is the millions digit of 15660445?
5
What is the ten thousands digit of 18061071?
6
What is the hundreds digit of 3511148?
1
What is the units digit of 1704346?
6
What is the hundred thousands digit of 7405480?
4
What is the millions digit of 16989736?
6
What is the millions digit of 7565596?
7
What is the hundreds digit of 206470?
4
What is the hundreds digit of 948703?
7
What is the ten thousands digit of 835508?
3
What is the millions digit of 3099448?
3
What is the tens digit of 515939?
3
What is the tens digit of 170942?
4
What is the thousands digit of 4048600?
8
What is the millions digit of 1229252?
1
What is the hundred thousands digit of 11673648?
6
What is the thousands digit of 361259?
1
What is the thousands digit of 6147915?
7
What is the hundreds digit of 7625580?
5
What is the millions digit of 31284696?
1
What is the hundreds digit of 959661?
6
What is the hundred thousands digit of 27827464?
8
What is the hundreds digit of 580166?
1
What is the hundreds digit of 609131?
1
What is the units digit of 436161?
1
What is the ten thousands digit of 464525?
6
What is the hundreds digit of 1997192?
1
What is the tens digit of 708920?
2
What is the thousands digit of 2707935?
7
What is the ten thousands digit of 855626?
5
What is the hundreds digit of 296218?
2
What is the ten thousands digit of 18101784?
0
What is the tens digit of 203132?
3
What is the tens digit of 9423991?
9
What is the millions digit of 2981601?
2
What is the units digit of 1106554?
4
What is the ten thousands digit of 2089558?
8
What is the units digit of 200684?
4
What is the thousands digit of 22018?
2
What is the units digit of 71607?
7
What is the tens digit of 10661010?
1
What is the units digit of 10283803?
3
What is the hundred thousands digit of 413878?
4
What is the thousands digit of 13261788?
1
What is the tens digit of 3700406?
0
What is the hundred thousands digit of 108654?
1
What is the hundred thousands digit of 104809?
1
What is the units digit of 6769306?
6
What is the units digit of 468458?
8
What is the thousands digit of 1581347?
1
What is the tens digit of 1889403?
0
What is the units digit of 5142656?
6
What is the hundred thousands digit of 108634?
1
What is the ten thousands digit of 630968?
3
What is the thousands digit of 251608?
1
What is the thousands digit of 1034924?
4
What is the ten thousands digit of 1405518?
0
What is the hundreds digit of 847151?
1
What is the thousands digit of 2630275?
0
What is the millions digit of 2447061?
2
What is the tens digit of 3075715?
1
What is the hundreds digit of 9950257?
2
What is the hundred thousands digit of 117266?
1
What is the thousands digit of 418467?
8
What is the tens digit of 14037557?
5
What is the ten thousands digit of 7165863?
6
What is the hundreds digit of 565852?
8
What is the units digit of 130839?
9
What is the thousands digit of 431581?
1
What is the thousands digit of 2444581?
4
What is the hundreds digit of 2078191?
1
What is the tens digit of 106535?
3
What is the hundred thousands digit of 4107864?
1
What is the tens digit of 99451?
5
What is the thousands digit of 103553?
3
What is the tens digit of 905271?
7
What is the ten thousands digit of 2254172?
5
What is the hundreds digit of 8537714?
7
What is the ten thousands digit of 9475505?
7
What is the units digit of 12474?
4
What is the hundred thousands digit of 248447?
2
What is the hundreds digit of 78862?
8
What is the millions digit of 1901733?
1
What is the tens digit of 195695?
9
What is the hundred thousands digit of 934227?
9
What is the tens digit of 3403481?
8
What is the ten thousands digit of 1232725?
3
What is the units digit of 14905613?
3
What is the thousands digit of 2975285?
5
What is the ten thousands digit of 102762?
0
What is the millions digit of 2146585?
2
What is the hundred thousands digit of 10252396?
2
What is the thousands digit of 28098884?
8
What is the hundreds digit of 70328?
3
What is the thousands digit of 678947?
8
What is the units digit of 214265?
5
What is the units digit of 360450?
0
What is the thousands digit of 2093295?
3
What is the millions digit of 1413439?
1
What is the ten thousands digit of 587365?
8
What is the thousands digit of 8830291?
0
What is the ten thousands digit of 4932890?
3
What is the ten millions digit of 13083006?
1
What is the ten thousands digit of 584708?
8
What is the hundred thousands digit of 1023858?
0
What is the units digit of 5140362?
2
What is the ten thousands digit of 1509598?
0
What is the thousands digit of 301594?
1
What is the hundreds digit of 7271405?
4
What is the tens digit of 116688?
8
What is the ten thousands digit of 31189415?
8
What is the millions digit of 23396421?
3
What is the units digit of 1458270?
0
What is the millions digit of 1159986?
1
What is the hundreds digit of 546208?
2
What is the ten thousands digit of 319104?
1
What is the ten thousands digit of 12141896?
4
What is the millions digit of 6764855?
6
What is the tens digit of 2949224?
2
What is the ten thousands digit of 48059?
4
What is the hundreds digit of 110681?
6
What is the thousands digit of 220680?
0
What is the hundreds digit of 299182?
1
What is the tens digit of 4468511?
1
What is the units digit of 353449?
9
What is the thousands digit of 2905814?
5
What is the thousands digit of 153543?
3
What is the thousands digit of 11498?
1
What is the hundreds digit of 299862?
8
What is the thousands digit of 1484952?
4
What is the tens digit of 14834361?
6
What is the hundreds digit of 2339350?
3
What is the hundreds digit of 3930297?
2
What is the thousands digit of 146817?
6
What is the tens digit of 11743646?
4
What is the millions digit of 1299122?
1
What is the ten thousands digit of 347332?
4
What is the ten thousands digit of 428019?
2
What is the millions digit of 1510048?
1
What is the thousands digit of 732083?
2
What is the hundred thousands digit of 1178601?
1
What is the tens digit of 1413745?
4
What is the tens digit of 221219?
1
What is the units digit of 1156315?
5
What is the hundreds digit of 1179624?
6
What is the units digit of 23855743?
3
What is the thousands digit of 388103?
8
What is the hundreds digit of 289933?
9
What is the ten thousands digit of 16131?
1
What is the thousands digit of 80437?
0
What is the hundred thousands digit of 181301?
1
What is the tens digit of 293292?
9
What is the hundreds digit of 121132?
1
What is the ten thousands digit of 7432496?
3
What is the units digit of 60804?
4
What is the units digit of 407318?
8
What is the thousands digit of 112433?
2
What is the tens digit of 380798?
9
What is the 